actors of 791?
7, 113
What are the prime factors of 3855?
3, 5, 257
What are the prime factors of 4896?
2, 3, 17
What are the prime factors of 859?
859
List the prime factors of 55581.
3, 97, 191
What are the prime factors of 12117?
3, 7, 577
What are the prime factors of 9636?
2, 3, 11, 73
List the prime factors of 22481.
22481
What are the prime factors of 3186?
2, 3, 59
List the prime factors of 25.
5
What are the prime factors of 168?
2, 3, 7
List the prime factors of 1924.
2, 13, 37
List the prime factors of 3295.
5, 659
List the prime factors of 38254.
2, 31, 617
List the prime factors of 29164.
2, 23, 317
What are the prime factors of 1935?
3, 5, 43
List the prime factors of 32953.
31, 1063
What are the prime factors of 1025?
5, 41
List the prime factors of 98765.
5, 19753
List the prime factors of 303.
3, 101
List the prime factors of 1759.
1759
List the prime factors of 110671.
11, 10061
What are the prime factors of 64114?
2, 32057
What are the prime factors of 212?
2, 53
What are the prime factors of 654?
2, 3, 109
What are the prime factors of 108698?
2, 17, 23, 139
List the prime factors of 116141.
116141
What are the prime factors of 1605?
3, 5, 107
What are the prime factors of 12093?
3, 29, 139
List the prime factors of 559.
13, 43
What are the prime factors of 646?
2, 17, 19
What are the prime factors of 4285?
5, 857
What are the prime factors of 80618?
2, 173, 233
List the prime factors of 315.
3, 5, 7
What are the prime factors of 6808?
2, 23, 37
What are the prime factors of 3378?
2, 3, 563
List the prime factors of 8483.
17, 499
What are the prime factors of 6218?
2, 3109
What are the prime factors of 3032?
2, 379
What are the prime factors of 2004?
2, 3, 167
List the prime factors of 29271.
3, 11, 887
List the prime factors of 37065.
3, 5, 7, 353
List the prime factors of 125.
5
List the prime factors of 10307.
11, 937
List the prime factors of 82196.
2, 20549
List the prime factors of 124997.
239, 523
What are the prime factors of 8446?
2, 41, 103
What are the prime factors of 26771?
19, 1409
List the prime factors of 386.
2, 193
List the prime factors of 60.
2, 3, 5
List the prime factors of 7963.
7963
What are the prime factors of 3251?
3251
List the prime factors of 18039.
3, 7, 859
List the prime factors of 68.
2, 17
List the prime factors of 18000.
2, 3, 5
List the prime factors of 45783.
3, 5087
What are the prime factors of 58420?
2, 5, 23, 127
What are the prime factors of 44683?
44683
List the prime factors of 1165.
5, 233
List the prime factors of 2843.
2843
What are the prime factors of 16497?
3, 13, 47
What are the prime factors of 3530?
2, 5, 353
List the prime factors of 1131.
3, 13, 29
List the prime factors of 3586.
2, 11, 163
List the prime factors of 1255.
5, 251
What are the prime factors of 22554?
2, 3, 7, 179
What are the prime factors of 145938?
2, 3, 13, 1871
What are the prime factors of 3773?
7, 11
What are the prime factors of 133330?
2, 5, 67, 199
What are the prime factors of 12847?
29, 443
List the prime factors of 7436.
2, 11, 13
List the prime factors of 6695.
5, 13, 103
List the prime factors of 9767.
9767
What are the prime factors of 2107?
7, 43
List the prime factors of 11835.
3, 5, 263
What are the prime factors of 7973?
7, 17, 67
What are the prime factors of 9?
3
List the prime factors of 25225.
5, 1009
What are the prime factors of 2272?
2, 71
What are the prime factors of 36502?
2, 18251
List the prime factors of 2867.
47, 61
What are the prime factors of 8227?
19, 433
What are the prime factors of 4126?
2, 2063
List the prime factors of 1308.
2, 3, 109
List the prime factors of 1352.
2, 13
What are the prime factors of 3334?
2, 1667
What are the prime factors of 6247?
6247
What are the prime factors of 32219?
11, 29, 101
What are the prime factors of 78916?
2, 109, 181
List the prime factors of 103499.
11, 97
List the prime factors of 51814.
2, 7, 3701
What are the prime factors of 66586?
2, 13, 197
List the prime factors of 12228.
2, 3, 1019
List the prime factors of 30636.
2, 3, 23, 37
What are the prime factors of 5752?
2, 719
What are the prime factors of 5177?
31, 167
List the prime factors of 2407.
29, 83
List the prime factors of 565.
5, 113
List the prime factors of 2616.
2, 3, 109
List the prime factors of 1720.
2, 5, 43
List the prime factors of 51893.
51893
What are the prime factors of 59451?
3, 7, 19, 149
What are the prime factors of 513?
3, 19
List the prime factors of 853.
853
List the prime factors of 14060.
2, 5, 19, 37
List the prime factors of 8185.
5, 1637
What are the prime factors of 3074?
2, 29, 53
List the prime factors of 72929.
233, 313
What are the prime factors of 4630?
2, 5, 463
List the prime factors of 1480.
2, 5, 37
What are the prime factors of 164617?
164617
What are the prime factors of 6389?
6389
What are the prime factors of 4750?
2, 5, 19
List the prime factors of 856.
2, 107
What are the prime factors of 68452?
2, 109, 157
What are the prime factors of 1342?
2, 11, 61
What are the prime factors of 221?
13, 17
List the prime factors of 4116.
2, 3, 7
What are the prime factors of 717?
3, 239
List the prime factors of 8301.
3, 2767
What are the prime factors of 57358?
2, 7, 17, 241
What are the prime factors of 2168?
2, 271
List the prime factors of 22300.
2, 5, 223
List the prime factors of 10176.
2, 3, 53
What are the prime factors of 3569?
43, 83
List the prime factors of 20415.
3, 5, 1361
List the prime factors of 929.
929
List the prime factors of 442.
2, 13, 17
List the prime factors of 1700.
2, 5, 17
What are the prime factors of 12639?
3, 11, 383
List the prime factors of 65747.
11, 43, 139
What are the prime factors of 68244?
2, 3, 11, 47
List the prime factors of 444.
2, 3, 37
List the prime factors of 6731.
53, 127
What are the prime factors of 2608?
2, 163
What are the prime factors of 1823?
1823
What are the prime factors of 580?
2, 5, 29
What are the prime factors of 3641?
11, 331
List the prime factors of 3164.
2, 7, 113
What are the prime factors of 3700?
2, 5, 37
List the prime factors of 55046.
2, 17, 1619
What are the prime factors of 67981?
157, 433
List the prime factors of 2012.
2, 503
List the prime factors of 4531.
23, 197
List the prime factors of 17478.
2, 3, 971
What are the prime factors of 65365?
5, 17, 769
What are the prime factors of 1086?
2, 3, 181
List the prime factors of 5587.
37, 151
What are the prime factors of 3656?
2, 457
What are the prime factors of 7248?
2, 3, 151
List the prime factors of 378.
2, 3, 7
List the prime factors of 72299.
197, 367
What are the prime factors of 1749?
3, 11, 53
What are the prime factors of 9039?
3, 23, 131
What are the prime factors of 3070?
2, 5, 307
List the prime factors of 28338.
2, 3, 4723
What are the prime factors of 851?
23, 37
List the prime factors of 23532.
2, 3, 37, 53
List the prime factors of 4718.
2, 7, 337
What are the prime factors of 1161?
3, 43
What are the prime factors of 895?
5, 179
What are the prime factors of 5170?
2, 5, 11, 47
List the prime factors of 922.
2, 461
List the prime factors of 4864.
2, 19
What are the prime factors of 2292?
2, 3, 191
What are the prime factors of 9209?
9209
List the prime factors of 1090.
2, 5, 109
List the prime factors of 7797.
3, 23, 113
What are the prime factors of 22905?
3, 5, 509
List the prime factors of 13172.
2, 37, 89
List the prime factors of 1710.
2, 3, 5, 19
What are the prime factors of 3102?
2, 3, 11, 47
What are the prime factors of 45150?
2, 3, 5, 7, 43
List the prime factors of 24871.
7, 11, 17, 19
What are the prime factors of 839?
839
What are the prime factors of 129424?
2, 8089
What are the prime factors of 20758?
2, 97, 107
List the prime factors of 59831.
19, 47, 67
List the prime factors of 98858.
2, 49429
What are the prime factors of 3342?
2, 3, 557
What are the prime factors of 469?
7, 67
What are the prime factors of 1934?
2, 967
What are the prime factors of 19580?
2, 5, 11, 89
What are the prime factors of 27887?
79, 353
List the prime factors of 79295.
5, 15859
List the prime factors of 4710.
2, 3, 5, 157
List the prime factors of 122.
2, 61
List the prime factors of 17845.
5, 43, 83
What are the prime factors of 17457?
3, 11, 23
What are the prime factors of 1149?
3, 383
What are